1) + (15 - -5).
11
What is -38 - (37 - 32) - -37?
-6
What is the value of -11 - (-26 + (17 - 13) - -19)?
-8
Calculate (-8 - -1) + -31 + (-3 - -16) + 20 - 46.
-51
Evaluate 0 - -23 - (-7475 - -7557).
-59
5 - (390 - 355 - (6 + (-1 - 0 - 1)))
-26
Evaluate -12 - ((21 - 19) + -18) - (45 - (-2 + 0)).
-43
What is 9 + (3 + -7 + 14 - 9) - 56?
-46
-183 + 215 - (-3 - -40)
-5
Evaluate -38 + 0 + (-5 - -27) + 26 + -58.
-48
What is the value of -36 + 70 - (9 + -25 - 2)?
52
Evaluate (-21 - (-19 - 11)) + 1 - -16.
26
Evaluate (2 + -5 - (-76 + 57 + 22 + 2)) + 98.
90
What is -1 + -41 + -80 + 68?
-54
Evaluate 25 - 11 - (-2 - 20) - -56.
92
What is (13 - 15 - (39 + -1)) + 7?
-33
What is the value of (8 + 48 - 186) + 75?
-55
Evaluate -3 - 48 - (-189 + 190).
-52
(-100 - -92) + 36 + -9 + -6
13
Calculate -1739 - -1791 - (-4 - -1).
55
Calculate 287 - 228 - (4 + 82).
-27
(39 - 20 - (3 + 12)) + 1
5
Evaluate 84 + -2 + -95 - 65.
-78
Calculate (34 - 30) + 10 - -20.
34
What is the value of 2286 + -2347 - (-41 - 1)?
-19
-27 + (26 - -25 - -6) + 61
91
What is (-52 - 3) + 3 + 1 + 0 + 10?
-41
What is (41 - ((36 - 28) + 20)) + 10 + 6?
29
Evaluate -21 + -56 + 43 - (4 - 1 - 2).
-35
What is 33 + -87 + (-18 - 22) - -9?
-85
Evaluate 7 + (-17 + -18 - -11 - -28) + (-131 - 2).
-122
What is (19 + -38 - -14) + 8 + -9?
-6
Evaluate -88 + 51 + 47 + (-1 - -11).
20
What is 38 - ((11 - (2 + -23)) + -9)?
15
What is the value of (8 + (27 - 15) + 5 - 14) + 63?
74
-62 - 43 - -48 - -83
26
What is 76 - -4 - (-2224 - -2281)?
23
What is (-6 - 2) + (-1 - (-4 + (-5 - (6 + -19))))?
-13
Calculate (-13 - -54 - -4) + -19.
26
-440 - -425 - (-1 - -1 - 54)
39
Calculate (0 - 1) + -58 + -11 + 86 - 43.
-27
What is the value of -6 + 10 + (8 - 52)?
-40
What is the value of 31 + -27 + 1 + -8 + 10 + (5 - 2)?
10
Calculate 17 + (12 + -20 - 45) + 5 + -7.
-38
What is the value of 4 + -9 + 16 + -8 + -11 - (4 + 32)?
-44
Calculate -8 + 0 + 6 + 81.
79
What is the value of (2 - (-9 - -26)) + -25 + -3 + -7?
-50
What is -5 + -27 + (13 - (6 - 8)) + -31?
-48
What is 8 + (-1 - -45) + (-1150 - -1115)?
17
39 - (1721 + -1671 + (1 - -135))
-147
Calculate -39 + (42 - (3 + (-20 - -29))).
-9
Evaluate 1 + 5 + (4 - 16 - (-134 - -38 - -44)).
46
-100 + 6 + -5 + 3 + (-2 - 3 - -9)
-92
Evaluate (51 - -23) + -86 + 66.
54
6 + (-11 - 0) + -38 + (47 - -7)
11
What is the value of -19 + (-23 - (-3 - 5)) + (25 - 0) - 16?
-25
(1 - (9 + 6 + -18)) + -34
-30
What is (32 - -19) + -70 - -31?
12
-31 + (14 - (-27 + 14)) - -19
15
Calculate 9 + -59 + 0 + -24 + 12.
-62
Evaluate -23 + 20 - (-222 - -254).
-35
What is 30 - (44 + -34) - -9?
29
What is 11 + -6 + -34 - (-1381 - -1367)?
-15
What is the value of 26 + -3 - (36 + -31 + 8) - -27?
37
(45 - -26) + (-19 - 9)
43
Evaluate (-3 - -28 - 59) + 69.
35
Calculate 80 + -3 + -27 - -4.
54
Calculate -4 + 3 - (-18 + 22 + 0 - -4).
-9
Evaluate -3 - (19 - (-8 - -12) - 6) - (6 - 5).
-13
11 - (31 - 0 - 22) - (1 + 1)
0
What is the value of -19 + 6 + -3 - (14 + 11 + -35)?
-6
Evaluate (21 - 2) + -180 + 22 + (6 - (9 + -14)).
-128
Evaluate (-45 - -6) + (-12 - -19) + 135.
103
Calculate 72 + (-50 - -67) - -1.
90
What is the value of 20 - (-23 - -32) - (6 + (-3 - (-62 - 0)))?
-54
5 + (-77 - -41) + 6
-25
What is (10 - -1) + -16 + 18 + -26 - -41?
28
Evaluate -105 - ((-21 - 2) + (139 - 115)) - (-16 - 0).
-90
-437 + 213 - (-120 + 1)
-105
What is -476 - (510 + -1012) - (0 + 1 + -25)?
50
Evaluate 29 + -93 + 137 - 165.
-92
Evaluate 82 - (-35 - -34) - (33 + -6).
56
Calculate -25 + -61 + 80 - (-1 + 31) - (-2 - -2).
-36
What is 30 - (10 - (28 + -2) - (-2 + 2))?
46
Calculate 113 - 135 - -20 - (-57 - (0 + -2)).
53
-69 + -59 + (-93 - -176)
-45
What is -75 - (-3 + 1) - (-159 + 149) - 11?
-74
Evaluate 10 + -10 - (33 + -76).
43
What is the value of 15 + -7 + (74 - 24) + -27?
31
What is the value of ((-18 - 5) + 7 - 0) + 0 + 31?
15
Evaluate 53 + -6 - (-237 + 253).
31
Evaluate (-6 - (-35 + 24)) + -6 - (2 + -29) - 2.
24
Calculate -1381 + 1406 - (0 - 30) - (1 + 13).
41
Evaluate 81 + 1 - (-3145 - -3159).
68
Evaluate (87 + -64 - (30 - 0)) + -116 + 24.
-99
Calculate -4 + -25 + (-21 + (13 - 3) - 9).
-49
(-19 - -1) + (-65 - (0 - 76)) - -76
69
Calculate (73 - 3) + (-25 - 1) - (-5 - 0).
49
Calculate 63 - (50 + 0 - -24).
-11
What is 5 - ((16 - -1) + 5 + -35)?
18
What is the value of (-8 - 7 - -16 - -13 - 146) + 10 - -7?
-115
Calculate (-6 + 1 - (4 + (-3 - 4))) + (-251 - -304).
51
Evaluate 22 + (-23 - -20) + 26 + -161.
-116
Calculate 16 + (-1204 - -1227 - (-1 - -47)).
-7
37 + -11 + (-2 + 4 - (-13 + -1))
42
Calculate 19 - ((52 - 76) + 86).
-43
Evaluate -7 + -66 + 43 + 61.
31
What is the value of (40 - 75) + 11 + (-50 - -12)?
-62
What is the value of 15 + (-4 - -2) + (95 - 110) - 0 - -46?
44
Calculate -21 + 36 + -54 + 100.
61
What is 18 + 1 + -1 - (-1435 + 1393)?
60
Evaluate 55 - (14 - -45) - (2 - -33).
-39
What is the value of 75 + -113 - (-21 + 41)?
-58
Calculate (-6 - (12 - -47) - -14) + 12 + (-1 - 2).
-42
Evaluate 20 + (-68 - -22) + (-4 - -18).
-12
Evaluate (6 - (7 + 11) - -51) + 17 + -31.
25
What is 5 + 0 + (-436 - -448) + 53 + 1?
71
What is 167 + -172 - (1 - -35) - (4 - (-6 - -12))?
-39
Evaluate 13 + 100 - (10 - (51 - 60)).
94
Calculate (-8 - -18) + 83 + (42 - 53).
82
Evaluate 23 - ((18 - -18) + 17) - (-10 + 1).
-21
What is the value of 6 + 46 - (-9 - 3)?
64
What is the value of -3 - (-8 - (-43 + 5 + 1))?
-32
Evaluate 56 + 2 - (1331 - 1215).
-58
Evaluate 34 + (24 - 38) + 72 + -23.
69
What is -8 + 19 + (30 - 14 - 32)?
-5
What is (104 - 16) + -203 + 35?
-80
What is 14 + (-5 + 8 + -7 - (2 + -1)) + -1?
8
What is the value of (-192 - (193 - 328)) + (31 - 0)?
-26
Evaluate 2 - 62 - (-3 + -26 + (56 - 30)).
-57
Evaluate -1 - (-10 + 50) - 35 - (1 + -8).
-69
Calculate 75 + ((26 - 27) + -22 - -5).
57
Calculate (-7 - -1) + 1 + -2 + (206 + -362 - -238).
75
Calculate 3 - 1 - -5 - -124 - (-46 + 49 + -8).
136
Evaluate -2 + -9 + (9 - 3) + -1 + 430 + -290.
134
What is the value of 29 - (39 + -25 + 6) - -13?
22
Calculate -11 + -77 + 11 + 134.
57
Evaluate -11 + 4 + -9 + -16 + 15 - 44.
-61
Calculate 65 - (43 - (-53 - -40)).
9
What is -45445 + 45457 + ((0 - 1) + 2 - -73)?
86
What is -35 + (-12 - 5) - -23?
-29
Calculate -202 + 109 - -147 - -73.
127
Calculate 14 + (-48 - -1) + -1.
-34
Evaluate -18 - -2 - (2004 + -1971).
-49
What is the value of -4 - (164 + -10 + -60)?
-98
What is 3 + 2 - (-27 - 61) - (-12 + 7 + 18)?
80
Calculate (6 - (-10 + 18 + -2)) + -29 + 0.
-29
-98 + (108 - -30) + -1 + 26
65
What is -60 - (-65 + -23 - -40)?
-12
What is (4 - (-42 - -3)) + 22 + -38?
27
Evaluate 70 + (-13 - 138) - -74.
-7
What is the value of (115 - 63) + 8 - 75?
-15
-27 - -21 - -6 - (5 - (-4 - (-7 - -5)))
-7
What is the value of 2 + (-51 - -1) + (-4 - -65) + -66 - 4?
-57
Calculate -133 - (-18 + -19) - (-2 + 3).
-97
Evaluate -1 - 9 - (-32 - (-86 + 2)).
-62
What is the value of (-3 + -5 + 4 - (-59 + 60)) + -1?
-6
What is the value of (-231 - -225) + 1 + -4 + -35 + -3?
-47
Calculate (13 + 48 + -35 + (-21 - -1) - 6) + 138.
138
What is the value of 8766 + -8710 - (0 + 1 - (-12 - 0))?
43
Evaluate 6145 + -6160 + 11 + 0.
-4
Evaluate 25 - 26 - (-5 - ((-1 - -46) + -4)) - 7.
38
What is the value of 218 + (90 - 198) - 28?
82
What is -80 + (1 - -83) + -20?
-16
Calculate 31 + 9 + (-4 - 12) - 19 - (-11 - 1).
17
What is the value of (60 + 3 - -29 - 31) + 14?
75
What is the value of (-1 + -50 - (10 - 4)) + (-30 - -35)?
-52
38 + (19 - (15 - (8 + -18)))
32
Calculate -48 - ((-67 - -86) + (-22 + 5 - -5)).
-55
What is -6 - -37 - (175 + -138) - (1 - 55)?
48
Calculate (49 - (-131 - -180)) + -109.
-109
Calculate (-84 - -89 - (2 + 4 + -11 + 65)) + 9.
-46
Evaluate 5 - -14 - (1 + 8 + -49 - 0).
59
Calculate (22 - (-29 - -18)) + -7 - (0 + (-2 - -4)).
24
Calculate 14 - (3 + 6 - (1 + 15 + 13)).
34
16 + -2 - (-22 - 0 - -40) - 13
-17
What is 0 + (43 - (-6 + -29 + 42))?
36
What is 45 - (-2 - (13 + -34))?
26
Evaluate -22 - (-11 + -19 + 43 + -44).
9
26 + (27 - 63) + -1 + -6
-17
-17 + 2 + 2 + 3 + -12 + -3 + 8
-17
What is the value of (-67 - -4) + 34 + (27 - 64)?
-66
What is the value of -70 + (44 - (29 - 6))?
-49
What is -32 + 1 - (-8004 - -7988)?
-15
What is the value of (-32 - -5) + 129 + -105 + -18?
-21
(-71 + 52 - 66) + 52
-33
What is the value of 10 + 4 + -75 + (0 - (-21 - (-4 + -2)))?
-46
Evaluate (64 - 43) + 22 - (35 + 1).
7
What 